ommon factor of n and 187.
17
Let m be (20/(-25))/(6/45). Let u = -2 - m. Let r = -9 - -33. What is the greatest common divisor of r and u?
4
Let u be 144/96 - (0 + (-1949)/2). What is the highest common factor of 61 and u?
61
Suppose -151 + 1051 = 18*a. Calculate the highest common divisor of 1050 and a.
50
Let h = -256 - -544. What is the highest common divisor of 198 and h?
18
Let f(i) = 158*i + 5. Let q be f(4). What is the greatest common divisor of 7 and q?
7
Let w be (1/3)/((-11)/(-297)). Let h be (1 - (-1 + 2)) + -11. Let b = 14 + h. Calculate the highest common factor of b and w.
3
Let q be (-8)/((-24)/10 - -2). Calculate the greatest common factor of 8 and q.
4
Let v = -2917 - -3268. What is the highest common divisor of 546 and v?
39
Let s = 111 - 33. Let n(j) = 4*j**2 - 6*j - 1. Let v be n(4). Calculate the highest common factor of s and v.
39
Let t be 11 - 4 - -1 - -2. Let k(l) = 2*l**2 + 7*l + 6. Let c be k(-4). What is the greatest common factor of t and c?
10
Suppose x = -2 + 14. Suppose 0*v - x = -3*v. Suppose -4*q + 134 = v*o - q, 4 = 2*q. Calculate the highest common factor of o and 8.
8
Let t be 14 + -4*(2 - 1). Suppose t*o - 264 = -o. Calculate the greatest common divisor of o and 24.
24
Suppose 1036 = -m + 38*m. What is the greatest common divisor of 1680 and m?
28
Let w be 5/(-25) - 41/(-5). Suppose -5*f + 53 = w. Let h(d) = -d**3 + d**2 - 1. Let y be h(-1). What is the highest common factor of f and y?
1
Let i be (-168)/(-10)*(-70)/(-42). Let l be (-252)/15*40/(-6). What is the greatest common divisor of l and i?
28
Let q(p) be the first derivative of -p**4/4 - 5*p**3/3 + 3*p**2/2 - 6*p - 3. Let i be q(-6). What is the greatest common factor of 60 and i?
12
Let m(h) = 16*h**2 - 2*h + 1. Let k be m(1). Let y = k + -11. Suppose 5*p = 2*l + 2 + 91, -2*p - y*l + 18 = 0. Calculate the highest common factor of p and 153.
17
Let g be (45/12)/(3/8). Suppose 0 = 2*q + 4*a - g, -2*q - q - a = -15. Suppose 5 = -0*j + 5*j. What is the greatest common factor of q and j?
1
Let f(r) = -15*r - 31. Let y be f(-7). Let l = y + -45. Let o be 3/9 - 346/(-6). What is the greatest common factor of l and o?
29
Let w = 900 - 684. What is the greatest common divisor of w and 198?
18
Let o(j) = 3*j - 15. Let v be o(6). Let y be (v - (-15)/(-9))*6. What is the highest common factor of 8 and y?
8
Let r = 120 + -115. What is the highest common factor of r and 95?
5
Suppose o - 89 + 68 = 0. Calculate the greatest common factor of 189 and o.
21
Let c(r) = -r**2 - 42*r - 71. Let y be c(-37). What is the greatest common factor of y and 12?
6
Suppose -2*k + k + 4 = 0. Let q be 2 + 0/k + 12. Let z = q + 8. What is the highest common factor of z and 11?
11
Suppose 6*r - 8*r = -42. Suppose 3*m + 12 = r. Calculate the highest common divisor of 12 and m.
3
Suppose 0 = -2*n - 207 + 1. Let f = n + 383. What is the greatest common divisor of f and 35?
35
Let z = -9 - -33. Suppose 2*o = -o. Suppose -5*i - 4*j = -3, -3*i + 3*j + 11 + 7 = o. Calculate the highest common divisor of i and z.
3
Let j = 30 - -17. Suppose j = x + 14. Let k = -22 - -44. What is the greatest common factor of k and x?
11
Let r be (3 - (-21)/(-6))*-4. Let v(q) = -2*q**2 + 0 + 5*q**r + 3. Let i be v(-2). Calculate the highest common divisor of i and 10.
5
Let q(g) = -g + 2. Let s be q(0). Let d be (-12)/9*(-6)/4 + 0. Suppose -d*i + 29 = -5*f, f + 13 = -2*i + 6*i. Calculate the highest common factor of s and i.
2
Let k be -4 - (-2 + -1) - -7. Let h = k + -11. Let r = h - -7. Calculate the highest common divisor of r and 2.
2
Let t be ((-7)/2)/((-7)/462). Suppose 5*p - f - 108 = 0, 0 = 3*p - 3*f - 0*f - 72. What is the highest common divisor of p and t?
21
Let a be 4 + 0 + 2 + -4. Suppose 0 = -a*l + 2*h + 54, -2*l + 4*h = 3*h - 51. Calculate the greatest common factor of 60 and l.
12
Suppose 5*g - 98 - 277 = 0. Calculate the highest common factor of g and 300.
75
Suppose y + c - 29 = 0, -3*y = -5*c - 9 - 54. Let p = y + -21. Calculate the greatest common factor of 40 and p.
5
Suppose 0 = -10*l + 8*l + 5*j + 90, 0 = 2*l - 4*j - 86. Calculate the greatest common divisor of 35 and l.
35
Let c(k) = -2*k - 15. Suppose -5*h - 3*m = 33, 4*h - 5*m + 0*m = -56. Let w be c(h). What is the greatest common divisor of 27 and w?
3
Let y(t) = 7*t**2 - 6*t + 11. Let w be y(2). Suppose f + 2*k - w = 65, 2*k + 88 = f. What is the highest common divisor of f and 10?
10
Let d = 348 + -95. Calculate the highest common divisor of d and 23.
23
Let p(u) = 43*u + 441. Let w be p(-7). What is the highest common factor of w and 240?
20
Let p be (52/12)/((-10)/(-3) - 3). Calculate the greatest common divisor of 1391 and p.
13
Suppose 2*z - 297 + 269 = 0. Let x(s) = -s**3 + 10*s**2 + s + 8. Let u be x(9). What is the highest common divisor of u and z?
14
Suppose -14*c + 672 = -1008. What is the greatest common divisor of 15 and c?
15
Let c(o) = -o**3 + 4*o**2 + 6*o + 1. Let m be c(5). Let v be (-1 + 1)/((-6)/m). Suppose -5*l - 2 + 112 = v. Calculate the highest common factor of l and 11.
11
Let x(v) = -v**3 - 22*v**2 + 5*v - 144. Let z be x(-25). What is the greatest common divisor of 146 and z?
146
Suppose -5*t - 28 = -13, -3*s - t = -84. Calculate the greatest common divisor of 928 and s.
29
Let g(f) = -108*f - 4. Let s = -16 - -13. Let h be g(s). Suppose u = -3*u + h. Calculate the greatest common divisor of u and 10.
10
Let i(u) = 4*u + 19 + u**3 - 21 - u. Let t be -2 - (-5 + 1) - 0. Let k be i(t). What is the greatest common factor of k and 36?
12
Suppose -5*o - z + 31 = -5, 0 = 3*o - z - 28. Calculate the greatest common divisor of o and 100.
4
Suppose 36 = -z + 2*z. Suppose 12*t = 5467 - 1147. What is the highest common factor of z and t?
36
Suppose 46*n - 49*n + 2604 = 0. Suppose -268 + n = 10*s. Let c(i) = 5*i**2 - 2*i - 1. Let y be c(2). Calculate the highest common divisor of y and s.
15
Let r = -10 + 19. Let g = 7 - 7. Suppose -5*m - 5*w + 150 = g, 4*m - 4*w + 3*w - 105 = 0. Calculate the greatest common factor of m and r.
9
Suppose -2*g + 147 - 77 = 0. Calculate the highest common factor of g and 91.
7
Let s(m) = 12*m - 15. Let y be s(13). Suppose 2*z - 2*f = -f + y, -5*z = -f - 351. Calculate the greatest common divisor of z and 14.
14
Let w = 172 + -136. What is the greatest common factor of w and 504?
36
Suppose 9*z - 397 = 710. Calculate the greatest common divisor of 3 and z.
3
Let k(u) = -29*u - 3. Let a be k(-3). Let n(l) = 4*l**2 - 15*l - 18. Let t be n(6). What is the highest common factor of t and a?
12
Let v be 6/3*(-5 - -6). Suppose -2*f - 359 = -4*s - f, f - 181 = -v*s. What is the greatest common divisor of 18 and s?
18
Suppose -142*w = -134*w - 816. Calculate the highest common factor of 24 and w.
6
Suppose 3*b = -3*c + 240, 16*c = 14*c - 4*b + 170. Calculate the highest common divisor of c and 275.
25
Let t be 4602/585 - (-4)/30. What is the greatest common divisor of t and 36?
4
Suppose 0 = -48*s + 49*s - 1. What is the highest common divisor of s and 41?
1
Let t be 15 + -20 - 224*(3 + -4). What is the highest common factor of 949 and t?
73
Suppose 40 = 6*d + 4*d. Suppose 42 = w - 4*i - 0, -d*w + i = -123. What is the greatest common factor of w and 70?
10
Suppose 0 = -6*i - 29 + 53. Suppose 192 - 48 = i*n. Calculate the highest common divisor of n and 24.
12
Let u(y) be the first derivative of 6*y**3 - 9*y + 1/4*y**4 + 8*y**2 - 6. Let l be u(-17). Calculate the highest common factor of l and 32.
8
Let c be (-1 - -17)*(-9 + 10). Suppose -4*h + 16 = 0, 3*h + h = 3*s + 10. What is the greatest common divisor of s and c?
2
Suppose -1 - 5 = -2*u. Let k = 16 + 5. Calculate the greatest common divisor of k and u.
3
Let s(d) = d**3 - 3*d**2 - 4*d - 4. Let q be s(4). Let m be (-73)/2 - (-2)/q. Let p = -22 - m. What is the highest common divisor of 3 and p?
3
Let r = -110 + 120. What is the greatest common divisor of r and 880?
10
Let x(z) = 30 - 29*z**2 - 17*z + 54*z**2 - 23*z**2. Let w be x(14). What is the greatest common factor of 23 and w?
23
Let l = 168 - -1038. Calculate the highest common factor of l and 36.
18
Let k(p) = 12*p - 47. Let r be k(5). Suppose c + 8 = -0*c. Let d be 550/14 - c/(-28). Calculate the highest common divisor of r and d.
13
Let p = 170 + -124. Let f(h) = h**3 + 7*h